factors of j(-21)?
7, 281
Let f(n) = -3*n**2 + 2*n + 77. What are the prime factors of f(0)?
7, 11
Let h be (-6)/(-8) + 26/8 - -17. Let k(l) = -3*l - 1. Let z be k(-1). Let n = h - z. List the prime factors of n.
19
Suppose 0 = c - 18 - 593. What are the prime factors of c?
13, 47
Suppose 0 = -6*y + 8389 + 137. What are the prime factors of y?
7, 29
Let h(z) = 2 - z**3 + 22*z - 10*z - 2*z**2 + 10*z**2. Let p be h(9). Suppose 12 + p = a. List the prime factors of a.
41
Suppose 0*n + n + 3*h = -96, -4*n - 320 = -4*h. Let s = n - -147. List the prime factors of s.
3, 7
Suppose 0 = 6*g - 2*g - 5*c + 23, 2*g = -2*c - 34. Let a = 14 + g. Let b = 52 - a. What are the prime factors of b?
2, 5
Let q be (-375)/55 - (-2)/(-11). Let i = q + 9. Suppose -i*o + 38 = -0. What are the prime factors of o?
19
Suppose 4*g - 7*g - 33 = 0. Let r = g - -9. List the prime factors of (2/r)/(1/(-25)).
5
Let j = 500 + 67. List the prime factors of j.
3, 7
Suppose -2*s - 5*o + 5 = 0, 4*s - 8*o = -3*o - 5. Suppose s*v - v - 2 = 0. List the prime factors of 20/12 + v/(-6).
2
Let m(y) = -y**2 + 15*y - 13. Let i be (-68)/(-6) + (-6)/(-9). What are the prime factors of m(i)?
23
List the prime factors of (-33)/(-77) - (-57846)/21.
5, 19, 29
Let z(v) = 5*v**2 + 2*v - 95. What are the prime factors of z(-6)?
73
Suppose 4*w = 2*b - 2369 - 1203, 0 = -3*w - 3. List the prime factors of b.
2, 223
Let w(s) = s**2 - s - 8. Let v be w(0). Let h be v/44 - (-105)/33. List the prime factors of 44/(3 - h - -2).
2, 11
Let u = 135 - 121. Let o(g) = 6*g**2 + g. Let r be o(1). Suppose -p + r = -f - u, 0 = f - 5. What are the prime factors of p?
2, 13
Suppose -b - 4*b + 70 = 0. Suppose -2*c - 24 = -4*o + 56, -o + b = -2*c. Suppose 4 - o = -y. List the prime factors of y.
2, 3
Let n = -237 - -626. What are the prime factors of n?
389
Let k(g) = -g + 1. Let h(y) = -y - 20. Let r(v) = h(v) + 2*k(v). Let s be r(-15). Suppose z - 34 - s = 0. What are the prime factors of z?
61
Suppose -3*i + o = 2*i - 199, 5*i - 191 = -o. Let t = -6 + i. What are the prime factors of t?
3, 11
Suppose -26*g + 4712 = -18*g. What are the prime factors of g?
19, 31
Suppose 63 + 37 = -5*y. Let a be ((-24)/y)/(1/120). Suppose -2*r - o = r - a, -2*r - 5*o = -109. List the prime factors of r.
47
Suppose -135 - 189 = 12*d. Let n = 85 - d. What are the prime factors of n?
2, 7
Let o(m) = -1. Let k(b) = -b**2 + 11*b - 2. Let u(q) = -k(q) - 2*o(q). List the prime factors of u(11).
2
Let f(c) = 81*c**2 - 28*c + 77. List the prime factors of f(3).
2, 19
Suppose -4*b = 4*j - 44, -2*j + 3*b = 7*b - 30. Let n(v) = 8*v - 20. List the prime factors of n(j).
2, 3
Let k(x) = x + 10. Let c be k(-10). Suppose c*y = -y - 2. List the prime factors of (-117)/6*y/3.
13
Suppose -8*o + 3528 = -0*o. List the prime factors of o.
3, 7
Suppose -18 = 2*i - 28. Suppose -69 = -m + 4*h, -2*m + i*h + 63 = -75. What are the prime factors of m?
3, 23
Let j be (-4 + 4 - 0) + 58. Suppose -12 + j = 2*r + 2*t, 0 = 4*r - 4*t - 60. List the prime factors of r.
19
Let a(s) = -s + 10. Let r be a(0). Suppose -4*j - h = -r, 4*j + 2*h = -3*h + 18. Suppose -j*x - 6 = -20. What are the prime factors of x?
7
Suppose -70979 = -60*r + 77281. What are the prime factors of r?
7, 353
Suppose -4137 = -5*f + 578. What are the prime factors of f?
23, 41
Suppose 342 = -2*y + 5*y. Suppose -2*o = o, -3*a + o + y = 0. What are the prime factors of a?
2, 19
What are the prime factors of (-1 + -204)*((-161)/(-35) - 15)?
2, 13, 41
Suppose -2*q = 41*q - 13674. What are the prime factors of q?
2, 3, 53
Let f = -5 + 10. Suppose 4*o - b - 26 = 0, 0 = -2*o + f*b + 32 - 10. Suppose o*n - 20 = 214. What are the prime factors of n?
3, 13
Suppose 0 = -15*t + 21*t - 5664. List the prime factors of t.
2, 59
Let h(x) = -x**3 - x**2 - 2*x - 3. Let s be h(-2). Suppose 54 = -3*j + s*j - 4*p, -5*j + 5*p = -145. What are the prime factors of j?
31
Let y(n) = -n**3 - 13*n**2 - 32*n + 73. What are the prime factors of y(-16)?
3, 11, 41
Let w = -1066 - -2625. List the prime factors of w.
1559
Suppose -21*v = -11*v - 2700. What are the prime factors of v?
2, 3, 5
Suppose -5*i = 23 - 3. List the prime factors of (16 + -2)*(0 - i).
2, 7
Suppose -4*i = i - 10. Suppose i*a - 6*a = -5*x - 672, 0 = 5*x. List the prime factors of a.
2, 3, 7
Let g(o) = o + 16. Let c(j) = j + 4. Let i be c(5). Suppose -i*b + 4*b + 75 = 0. List the prime factors of g(b).
31
Let v = -2061 + 3824. List the prime factors of v.
41, 43
Let l(s) = s**2 - 14*s + 24. Let k be l(12). List the prime factors of k - -2 - -6*(-62)/(-4).
5, 19
Let u = -14 - -18. Let j be (-3)/9*(1 - u). What are the prime factors of (11/2 + j)*4?
2, 13
Suppose -2*g = -2*a - 680, 29*g = 31*g + a - 674. List the prime factors of g.
2, 13
Let m = -17 - -21. Suppose -3*d + 4*q = 27, m*d + 2 + 34 = -3*q. Let i = 7 - d. List the prime factors of i.
2
Suppose -4*d + 0 = -8. Suppose 2*f - d = 0, -4*f = 3*m - 2 + 10. What are the prime factors of (m + 6)/(4/30)?
3, 5
Let s = -25 + 34. Suppose 3*j - s = 0, 0*o = -2*o + 2*j + 112. What are the prime factors of o?
59
Let z be 9/(36/40)*(-5 - -1). Let t = z - -187. What are the prime factors of t?
3, 7
List the prime factors of 1 - 3 - (-29 - 154).
181
Suppose -570 = 10*r - 2290. Suppose -5*i + 420 = 5*w, 0*i + i = -2*w + r. List the prime factors of w.
2, 11
Suppose -3*i + 260 = s, -2*s - 37 + 584 = -3*i. What are the prime factors of s?
269
Let t(a) = -a**3 - 3*a**2 + 7*a + 5. Let v be t(-5). Let n be v/(-6)*6/(-4). What are the prime factors of 26 - (n/1 - 3)?
2, 3
Let k(q) = -q - 8. Let v be k(0). Let t be v + (8 - 4) - 36. What are the prime factors of (-3 + 2)/(2/t)?
2, 5
Let w(c) be the second derivative of -c**3/2 - 7*c**2/2 + 9*c. Let d be w(-17). Suppose -k - 2 = -d. List the prime factors of k.
2, 3, 7
Let r(o) = 2*o**3 - 20*o**2 + 36*o + 1. What are the prime factors of r(12)?
1009
Suppose -2*z - 28 = -2*o, z - 4*o - 1 + 0 = 0. Let v be -4 - (3 - 6) - z. List the prime factors of ((-20)/15)/((-1)/v).
2, 3
Let f = 64 - 44. Let x = 89 - f. List the prime factors of x.
3, 23
Let l(y) = 37*y - 2 + 0 + 1 - 32*y. What are the prime factors of l(1)?
2
Let j(c) = -c**2 - 8*c + 1. Let g be j(-7). Let x = g + 4. What are the prime factors of x?
2, 3
Suppose 3*s - i = 259, 3*s + 4*i = 6*s - 253. Let d = -52 + s. What are the prime factors of d?
5, 7
What are the prime factors of (1 - -2)*(208 - 14)?
2, 3, 97
Let s be (1/5*0)/1. Suppose s = -6*v + 6 + 54. List the prime factors of v.
2, 5
Suppose 5*x - 4*w - 670 = 0, -670 = -2*x - 3*x + w. Let f = x + 36. What are the prime factors of f?
2, 5, 17
Let u be (3/(-3) - -2)/(-14 + 15). Let a(g) = 34*g**2 + g - 4*g + 4*g. What are the prime factors of a(u)?
5, 7
Suppose -5494 = -19*s + 29390. List the prime factors of s.
2, 3, 17
Let q = 767 - 455. List the prime factors of q.
2, 3, 13
Suppose -8 = x - 3*x. Suppose -x*h + 122 = -2*v, -h + 2*v + 17 = -3*v. List the prime factors of h.
2
Let c(w) = -w**3 - w**2 - w + 1. Let g be ((-3)/6)/(1/(-2)). Let u be c(g). List the prime factors of (-47)/(-7) - u/7.
7
Let d = 14 + -12. Suppose d*f = 9 + 19. What are the prime factors of f?
2, 7
Suppose -3*o = -9, -3*t + 5*o = 13 + 2. Suppose -5*u + 3*w + 105 = -40, 4*w - 20 = t. List the prime factors of u.
2
Let z(j) = 15*j**2 - 12*j - 50. List the prime factors of z(-7).
769
Suppose 4*c - 2838 = -5*f, 5*f = -0*c - c + 2847. List the prime factors of f.
2, 3, 5, 19
Let d(h) = -h**3 + 17*h**2 - 31*h + 12. Let t be d(15). List the prime factors of (-9)/(-9) - 255/t.
2, 43
Let t(s) be the third derivative of s**5/60 - s**4/6 + 2*s**3/3 + 5*s**2. Let b be t(4). What are the prime factors of 5 + b + 2 - 4?
7
Let t be (36/30)/(3*(-3)/30). What are the prime factors of 2 + (1551/12 - (-1)/t)?
131
Suppose 481 = 7*f - 149. List the prime factors of f.
2, 3, 5
Suppose f + 21 = w, 2*w + 3*w + 4*f = 60. Suppose w*s = 19*s - 219. What are the prime factors of s?
73
Suppose 0 = 3*b - 7*c + 5*c - 1566, -4*b + 3*c = -2089. List the prime factors of b.
2, 5, 13
Let d(r) be the second derivative of r**7/2520 + r**6/720 - 7*r**4/12 + 4*r. Let c(h) be the third derivative of d(h). List the prime factors of c(4).
2, 5
Let f(b) = 3*b + 19. Suppose 6*r = 8*r - 16. List the prime factors of f(r).
43
List the p